on divisor of v and 744.
8
Let t(j) be the third derivative of 0 + 0*j - 2*j**2 - 13/24*j**4 - 2/3*j**3. Let r be t(-4). What is the greatest common divisor of 6 and r?
6
Let d(x) = 29*x**2 + x + 145. Let b be d(-6). What is the greatest common factor of 14 and b?
7
Let o(b) = -3*b - 19. Suppose p = 2*g - 18, p - 4*g = 4*p + 4. Let r be o(p). Suppose -55 = -x - 10. Calculate the highest common divisor of r and x.
5
Let a(h) = -h**2 - 11*h + 7. Let g be a(-10). Let b be (-2)/4 + 95/2. Let o = b - g. Calculate the highest common factor of o and 12.
6
Let f = -3060 - -3080. Let m(p) = -p**3 + p - 4. Let o be (1 - 1) + 0 + -3. Let d be m(o). What is the highest common factor of f and d?
20
Suppose -2 = -x, -z + 3*z + 3*x - 28 = 0. Let y be z/(-2 - (-3 + 0 + 0)). What is the greatest common factor of y and 88?
11
Suppose -2*b + 30 = -3*b. Let p = -6 - b. Calculate the greatest common factor of p and 40.
8
Let v(k) = -5*k**3 - 5*k**3 + 9*k**3 + 12*k**2 + 12*k + 17. Let o be 54/4 - 1/2. Let f be v(o). What is the greatest common factor of 8 and f?
4
Suppose -3*u + 3722 = 7*x - 6*x, 0 = -3*u + x + 3724. What is the highest common divisor of 17 and u?
17
Let u(k) = 2*k**2 + 2*k - 3. Let d be u(3). Suppose -2*c + 3*x + 0*x = -51, 3*c - 72 = 3*x. Calculate the highest common divisor of d and c.
21
Let p(n) = 2*n + 1. Let w(y) = 2*y + 2. Let r(c) = -4*p(c) + 3*w(c). Let x be 0/(1*6*12/18). Let z be r(x). What is the highest common factor of 5 and z?
1
Let d = 71 - 46. Let h be d*1/15*-3*-8. Suppose -4*b = -3*g + 48, -g = -4*g - 4*b + 72. What is the highest common divisor of h and g?
20
Suppose 5*p + 0*g + 4*g = -38, 2*p + 20 = -4*g. Let h be (p/8)/((-1)/124). Calculate the highest common divisor of h and 31.
31
Let j(n) = -n**2 - 11*n + 14. Let t = -111 - -99. Let b be j(t). Let l = 0 - -3. Calculate the greatest common divisor of l and b.
1
Let n(o) = -o**2 + 8*o + 5. Let b be n(0). Suppose 4*v + 5 = 5*f, b*f + 2*v + v = 40. Let c = 168 - 113. Calculate the greatest common divisor of c and f.
5
Let l = -46 - -895. Let b be l/11 + (-4)/22. Suppose -5*u = b - 217. What is the highest common factor of u and 4?
4
Suppose 2 = k - 1. Let a be (-1)/((-45)/21 - -2). Let l be 6*(-1)/a*-28. What is the greatest common factor of l and k?
3
Suppose 0 = 3*b - 0*b - 54. Suppose b - 6 = -3*d. Let i be d/(-6) - (-441)/27. Calculate the highest common factor of 17 and i.
17
Suppose -4*g - 3*g + 14 = 0. Suppose 0 = -4*q + 2*z + 3*z + 129, -2*q + 66 = -g*z. Calculate the highest common factor of q and 9.
9
Let r(m) = m**2 + 11*m - 8. Let j be r(-12). Suppose 0 = -2*o - j + 34. Let n(g) = -g + 3. Let h be n(0). What is the greatest common divisor of o and h?
3
Let h(b) = -12*b - 24. Suppose 3*s = 2*w - 3, 2*w - 2*s + 6 - 4 = 0. Let x be h(w). What is the greatest common factor of x and 16?
16
Let z = -21 - -21. Let p be 1 - (-23 + (z - -2)). What is the highest common factor of p and 11?
11
Let u be 1*(-1)/4*0. Suppose 4*m - 117 + 21 = u. Let h be 1/4 - (-62)/8. What is the greatest common divisor of m and h?
8
Let n(j) = -j**2 + 4*j + 4. Let a be n(4). Suppose -a = -2*f + 2. Let y = 3 + 3. Calculate the greatest common factor of f and y.
3
Suppose -2*b + 30 = -322. Suppose 0*z = -z - 44. Let f = -28 - z. What is the greatest common divisor of f and b?
16
Let c = 343 + -255. Calculate the greatest common factor of c and 242.
22
Let t be (-205 + 10)/(-1*3). What is the greatest common divisor of 10 and t?
5
Suppose 37 = b - q, 2*q = b - 6*b + 171. Let t = 4 + b. Calculate the highest common divisor of t and 117.
39
Let s(z) = z + 33. Let n be s(21). What is the highest common divisor of n and 3?
3
Suppose 0 = b - 5*v - 11 - 2, -b + 9 = -v. Let a be 4/10 - b/20. Suppose -w - 3*r = -50, a*w = w - 5*r - 34. Calculate the greatest common factor of 11 and w.
11
Let o(k) = -5*k - 57. Let x(p) = p**3 - 8*p**2 + 5*p + 1. Let j be x(7). Let n be o(j). What is the highest common divisor of 136 and n?
8
Suppose 2*g + 2*m = -6 - 0, g - m - 7 = 0. Let j be (6*4/(-8))/((-24)/112). What is the greatest common factor of g and j?
2
Let g = -17 + 30. Let p be 58*6 + 0/(-8). Let n be p/4 + 8/2. What is the highest common factor of g and n?
13
Let n(z) = -z**3 + 20*z**2 + z. Let c be n(20). Suppose 24*k - 928 = c*k. Calculate the greatest common factor of 29 and k.
29
Suppose y + 2 = -9. Let k = 20 + y. Let t be (-1)/(-5) + 1513/85. Calculate the greatest common divisor of k and t.
9
Suppose 2600 = -1740*x + 1748*x. What is the greatest common factor of x and 520?
65
Suppose -180 = 62*j - 64*j. Let d(p) = p**3 - 9*p**2 + 20*p + 6. Let u be d(6). Calculate the greatest common factor of j and u.
18
Let w be ((-4)/6)/((-2)/72). Let q = 627 + -621. Calculate the highest common factor of q and w.
6
Suppose 309*l = 312*l - 12. Suppose -5*o - 178 = -5*d + d, l = -2*o. Calculate the greatest common divisor of 18 and d.
6
Suppose -2*b - 8 = -0. Let z(k) = -15*k - 6. Let d be z(b). Suppose 2*a = 4*x - 3*a - 24, -2*a = -2*x + 12. Calculate the highest common factor of x and d.
6
Suppose -98 = -2*b - 364. Let r = b + 159. What is the highest common divisor of 91 and r?
13
Let x = -1218 + 1377. What is the highest common factor of x and 212?
53
Suppose 0*t = -t + 3*u + 11, 2*t + 5*u = -11. Suppose 0 = 3*y + 3*f - 30, -t*y + 5*f + 36 - 9 = 0. Calculate the highest common divisor of y and 2.
1
Suppose -3*y + 4*j = 10 - 26, 0 = 4*y - j - 43. Suppose 8*i - 5*i - 3 = 0, 0 = -3*t + 2*i + 25. What is the highest common divisor of t and y?
3
Suppose -3*p - 56*n = -57*n - 26, 4*n = 5*p - 41. What is the greatest common factor of p and 36?
9
Let q = 41 + -31. Suppose -7*t + 46 + q = 0. Calculate the greatest common divisor of 4 and t.
4
Let b(d) = 11*d**2 + 13*d + 4. Let p be b(-2). Calculate the highest common divisor of 22 and p.
22
Suppose -4*h + 2*z - 4*z = -152, -4*h + 5*z + 124 = 0. Calculate the greatest common divisor of 351 and h.
9
Let c(w) = w - 3. Suppose -g + 26 = -5*f + 2*g, 3*g = -4*f - 37. Let b be c(f). Let h = 15 + b. What is the highest common factor of 40 and h?
5
Let z be (-3)/((-15)/(-5)) - 85/(-5). What is the greatest common divisor of 176 and z?
16
Let y = 720 + -369. What is the highest common factor of y and 78?
39
Let b(g) = g**3 + 7*g**2 - g + 15. Let m be b(-7). Let h be -4 + 5 + -3 - -35. What is the greatest common factor of h and m?
11
Let i = -83 - -86. Suppose -4*h - i*o + 742 = -o, 739 = 4*h + o. Calculate the highest common factor of h and 23.
23
Let r be (-3)/(((-45)/(-258))/5). Let a = -11 - r. Calculate the highest common factor of 30 and a.
15
Let m = -202 + 283. Let t = -79 + m. What is the greatest common divisor of 8 and t?
2
Let z = -2341 + 2411. Calculate the greatest common divisor of z and 410.
10
Let u be (10/10)/((-2)/(-24)). Suppose 0 = -a - a - u. Let n(x) = x**2 + 5*x + 5. Let s be n(a). What is the greatest common divisor of 11 and s?
11
Let k be ((-12)/9)/(19/(-18) - -1). Calculate the greatest common factor of 300 and k.
12
Suppose 80 + 48 = 4*m. Suppose 7 + 5 = -4*s. Let g be s/15 - 723/(-15). What is the greatest common divisor of m and g?
16
Suppose 0 = -2*k + 293 + 847. Calculate the highest common factor of k and 30.
30
Let j = -493 - -543. What is the greatest common factor of 275 and j?
25
Let b(n) = n**2 + 1 - 5*n + n + 2*n. Let z(f) = -f + 5. Let h be z(3). Let c be b(h). What is the greatest common factor of 7 and c?
1
Let h(c) = 15*c - 5. Let w be h(7). Suppose 5*p - w = p. Suppose 0*v = -5*v + p. Calculate the highest common divisor of 35 and v.
5
Suppose 0 = -19*f - 319 + 1383. Suppose -6*w - f = -128. Let v = 7 + -3. Calculate the highest common factor of w and v.
4
Let s = -18 - -95. Let z be (-8)/(-20) - 66/(-10). Calculate the highest common factor of z and s.
7
Let t(o) = 3*o - 5. Let k be t(7). Suppose -i = -8 + k. Let x = i - -15. Calculate the highest common factor of 7 and x.
7
Let h be (-8)/(-1 - 2/(-6)). Let r be (-3)/h + (-18)/(-8). Let z(l) = 2*l**2 - 3*l. Let f be z(2). What is the highest common divisor of r and f?
2
Suppose -180 = -4*x - 39*y + 43*y, -3*y + 180 = 4*x. Calculate the highest common factor of x and 378.
9
Let w = 7 + 13. Suppose -5*l + l + w = 0. Suppose -l = 2*g - 17. What is the highest common divisor of 3 and g